{"id":647,"date":"2020-10-14T13:42:56","date_gmt":"2020-10-14T13:42:56","guid":{"rendered":"https:\/\/qi26.qodeinteractive.com\/about-copy\/"},"modified":"2024-09-13T10:20:37","modified_gmt":"2024-09-13T10:20:37","slug":"contact-2","status":"publish","type":"page","link":"https:\/\/moitessier.fr\/index.php\/contact-2\/","title":{"rendered":"Contact"},"content":{"rendered":"\t\t<div data-elementor-type=\"wp-page\" data-elementor-id=\"647\" class=\"elementor elementor-647\" data-elementor-settings=\"[]\">\n\t\t\t\t\t\t\t<div class=\"elementor-section-wrap\">\n\t\t\t\t\t\t\t<section class=\"elementor-section elementor-top-section elementor-element elementor-element-28ba5f7 elementor-section-full_width qodef-elementor-content-grid elementor-section-content-top elementor-section-height-default elementor-section-height-default\" data-id=\"28ba5f7\" data-element_type=\"section\" data-settings=\"{&quot;background_background&quot;:&quot;classic&quot;}\">\n\t\t\t\t\t\t<div class=\"elementor-container elementor-column-gap-wider\">\n\t\t\t\t\t<div class=\"elementor-column elementor-col-33 elementor-top-column elementor-element elementor-element-15a8457\" data-id=\"15a8457\" data-element_type=\"column\">\n\t\t\t<div class=\"elementor-widget-wrap elementor-element-populated\">\n\t\t\t\t\t\t\t\t<div class=\"elementor-element elementor-element-bdf42b7 elementor-widget elementor-widget-text-editor\" data-id=\"bdf42b7\" data-element_type=\"widget\" data-widget_type=\"text-editor.default\">\n\t\t\t\t<div class=\"elementor-widget-container\">\n\t\t\t<style>\/*! elementor - v3.5.4 - 23-01-2022 *\/\n.elementor-widget-text-editor.elementor-drop-cap-view-stacked .elementor-drop-cap{background-color:#818a91;color:#fff}.elementor-widget-text-editor.elementor-drop-cap-view-framed .elementor-drop-cap{color:#818a91;border:3px solid;background-color:transparent}.elementor-widget-text-editor:not(.elementor-drop-cap-view-default) .elementor-drop-cap{margin-top:8px}.elementor-widget-text-editor:not(.elementor-drop-cap-view-default) .elementor-drop-cap-letter{width:1em;height:1em}.elementor-widget-text-editor .elementor-drop-cap{float:left;text-align:center;line-height:1;font-size:50px}.elementor-widget-text-editor .elementor-drop-cap-letter{display:inline-block}<\/style>\t\t\t\t<h6 contenteditable=\"true\" data-elementor-setting-key=\"title\" data-pen-placeholder=\"\u00c9crivez ici...\">Parcours<\/h6>\n<p>N\u00e9 en 1978, vit et travaille \u00e0 Nantes.<\/p>\n<p>Dipl\u00f4me des M\u00e9tiers d\u2019Arts&nbsp; ( \u00c9cole Estienne, 1998).<br>DNSEP Communication (\u00c9ESAB, 2024).<br>Directeur artistique chez l\u2019annonceur pendant trois ans, puis en agence pendant huit ans.<br>Designer graphique ind\u00e9pendant depuis 2009.<\/p>\n<p>Avec <em>Julien Imbert<\/em>, fonde <em>La Soci\u00e9t\u00e9<\/em> et int\u00e8gre le collectif <em>La G\u00e9n\u00e9rale<\/em>, coop\u00e9rative artistique, sociale et politique aujourd\u2019hui implant\u00e9e dans le 14e arrondissement parisien.<\/p>\n<p>En 2020, rejoint \u00e9galement le collectif <a href=\"https:\/\/pol-n.org\/\"><em>pol\u2014n<\/em><\/a>, lieu d\u2019exp\u00e9rimentation et de mutualisation pluridisciplinaire \u00e0 Nantes.<\/p>\n<p>Enseigne le design graphique et la typographie \u00e0 l&#8217;\u00c9cole de design Nantes Atlantique depuis 2022.<\/p>\n<p>Exerce le poste de directeur artistique au sein du <em>Th\u00e9\u00e2tre de l\u2019Argument<\/em>.<\/p>\t\t\t\t\t\t<\/div>\n\t\t\t\t<\/div>\n\t\t\t\t<div class=\"elementor-element elementor-element-9fed902 elementor-widget elementor-widget-text-editor\" data-id=\"9fed902\" data-element_type=\"widget\" data-widget_type=\"text-editor.default\">\n\t\t\t\t<div class=\"elementor-widget-container\">\n\t\t\t\t\t\t\t<p><a class=\"qodef-link--hover-underline\" href=\"tel:+33 6 1924 0180\">+33 6 1924 0180<\/a><br \/><a class=\"qodef-link--hover-underline\" href=\"mailto:guillaume@moitessier.fr\">guillaume@moitessier.fr<\/a><\/p><p>\u2014<\/p><p>3 rue Sully<br \/>44000 Nantes<\/p><p>Siret 480 788 348 00047<br \/>MdA M600713<\/p><p>\u2014<\/p><p>Vous pouvez t\u00e9l\u00e9charger mon portfolio <a href=\"http:\/\/moitessier.fr\/wp-content\/uploads\/2022\/01\/MOITESSIER_PORTFOLIO_2022.pdf\" target=\"_blank\" rel=\"noopener\">en cliquant ici<\/a>.<\/p>\t\t\t\t\t\t<\/div>\n\t\t\t\t<\/div>\n\t\t\t\t\t<\/div>\n\t\t<\/div>\n\t\t\t\t<div class=\"elementor-column elementor-col-33 elementor-top-column elementor-element elementor-element-0799caf\" data-id=\"0799caf\" data-element_type=\"column\">\n\t\t\t<div class=\"elementor-widget-wrap elementor-element-populated\">\n\t\t\t\t\t\t\t\t<div class=\"elementor-element elementor-element-5f1da03 elementor-widget elementor-widget-text-editor\" data-id=\"5f1da03\" data-element_type=\"widget\" data-widget_type=\"text-editor.default\">\n\t\t\t\t<div class=\"elementor-widget-container\">\n\t\t\t\t\t\t\t<h6 class=\"elementor-heading-title elementor-size-default elementor-inline-editing pen\" contenteditable=\"true\" data-elementor-setting-key=\"title\" data-pen-placeholder=\"\u00c9crivez ici...\">Domaines d&#8217;intervention\u200b<\/h6><p>Direction artistique<br \/>Identit\u00e9 visuelle<br \/>Branding<br \/>Packaging<br \/>Logotype<br \/>Objet \u00e9ditorial<br \/>Support num\u00e9rique<br \/>Cr\u00e9ation typographique<br \/>Illustration<\/p><h6>Comp\u00e9tences\u200b\u200b<\/h6><p>\u2014 M\u00e9thodologie<br \/>\u2014 Accompagnement \u00e0 la conception<\/p><div class=\"qodef-m-text\"><p>\u2014 Cr\u00e9ation graphique<br \/>\u2014 Ma\u00eetrise des codes typographiques<br \/>et des principes de mise en page<\/p><p>\u2014 Suivi de projet<br \/>\u2014 Ma\u00eetrise de la cha\u00eene graphique<br \/>et suivi de fabrication<\/p><p>\u2014 Travail en \u00e9quipe<br \/>\u2014 Animation workshops<br \/>\u2014 Intelligence collective<\/p><\/div><p><em>\u00a0<\/em><\/p>\t\t\t\t\t\t<\/div>\n\t\t\t\t<\/div>\n\t\t\t\t\t<\/div>\n\t\t<\/div>\n\t\t\t\t<div class=\"elementor-column elementor-col-33 elementor-top-column elementor-element elementor-element-67328c2\" data-id=\"67328c2\" data-element_type=\"column\">\n\t\t\t<div class=\"elementor-widget-wrap elementor-element-populated\">\n\t\t\t\t\t\t\t\t<div class=\"elementor-element elementor-element-c9ad0f2 elementor-widget elementor-widget-text-editor\" data-id=\"c9ad0f2\" data-element_type=\"widget\" data-widget_type=\"text-editor.default\">\n\t\t\t\t<div class=\"elementor-widget-container\">\n\t\t\t\t\t\t\t<h6 class=\"elementor-heading-title elementor-size-default elementor-inline-editing pen\" contenteditable=\"true\" data-elementor-setting-key=\"title\" data-pen-placeholder=\"\u00c9crivez ici...\">R\u00e9f\u00e9rences\u200b<\/h6><p><em>Agence amac<\/em><br \/><em>App\u00e9a<\/em><br \/><em>Bacardi-Martini<\/em><br \/><em>Le Batut<\/em><br \/><em>Bavaria \/ Swuinkels<\/em><br \/><em>Cr\u00e9dit du Nord<\/em><br \/><em>Le Cadoret<\/em><br \/><em>Cie \u00c9trange miroir<\/em><br \/><em>Cie G\u00e9rard G\u00e9rard<\/em><br \/><em>Docendi<\/em><br \/><em>\u00c9ditions 303<\/em><br \/><em>EELV<\/em><br \/><em>Fondation Louis Vuitton<\/em><br \/><em>La G\u00e9n\u00e9rale<\/em><br \/><em>Go\u00ebl<\/em><br \/><em>Graine \u00cele-de-France<\/em><br \/><em>Groupe Aurige<\/em><br \/><em>Ilimelgo architectes<\/em><br \/><em>L\u00e9opoldine HH<\/em><br \/><em>M\u00e9tabatik<\/em><br \/><em>Migreurop<\/em><br \/><em>Millon Maison de ventes<\/em><br \/><em>MDB<\/em><br \/><em>MootzPel\u00e9 architecture<\/em><br \/><em>Myconnecting<\/em><br \/><em>Orange<\/em><br \/><em>La Perle Rare<\/em><br \/><em>Peugeot<\/em><br \/><em>Pierre Noire<\/em><br \/><em>Pol\u2019n<\/em><br \/><em>Secours Populaire fran\u00e7ais<\/em><br \/><em>Seasonalitea<\/em><br \/><em>SNCF<\/em><br \/><em>Tanguy<\/em><br \/><em>Th\u00e9\u00e2tre de l\u2019Argument<\/em><br \/><em>Th\u00e9s George Cannon<\/em><br \/><em>Ville de Paris<\/em><\/p>\t\t\t\t\t\t<\/div>\n\t\t\t\t<\/div>\n\t\t\t\t\t<\/div>\n\t\t<\/div>\n\t\t\t\t\t\t\t<\/div>\n\t\t<\/section>\n\t\t\t\t<section class=\"elementor-section elementor-top-section elementor-element elementor-element-1f7e124 elementor-section-full_width qodef-elementor-content-grid elementor-section-height-min-height elementor-section-items-top elementor-section-content-top elementor-section-height-default\" data-id=\"1f7e124\" data-element_type=\"section\" data-settings=\"{&quot;background_background&quot;:&quot;classic&quot;}\">\n\t\t\t\t\t\t<div class=\"elementor-container elementor-column-gap-default\">\n\t\t\t\t\t<div class=\"elementor-column elementor-col-66 elementor-top-column elementor-element elementor-element-c6978cc\" data-id=\"c6978cc\" data-element_type=\"column\">\n\t\t\t<div class=\"elementor-widget-wrap\">\n\t\t\t\t\t\t\t\t\t<\/div>\n\t\t<\/div>\n\t\t\t\t<div class=\"elementor-column elementor-col-33 elementor-top-column elementor-element elementor-element-e90ce9b\" data-id=\"e90ce9b\" data-element_type=\"column\">\n\t\t\t<div class=\"elementor-widget-wrap\">\n\t\t\t\t\t\t\t\t\t<\/div>\n\t\t<\/div>\n\t\t\t\t\t\t\t<\/div>\n\t\t<\/section>\n\t\t\t\t\t\t<\/div>\n\t\t\t\t\t<\/div>\n\t\t","protected":false},"excerpt":{"rendered":"<p>Parcours N\u00e9 en 1978, vit et travaille \u00e0 Nantes. Dipl\u00f4me des M\u00e9tiers d\u2019Arts&nbsp; ( \u00c9cole Estienne, 1998).DNSEP Communication (\u00c9ESAB, 2024).Directeur artistique chez l\u2019annonceur pendant trois ans, puis en agence pendant huit ans.Designer graphique ind\u00e9pendant depuis 2009. Avec Julien Imbert, fonde La Soci\u00e9t\u00e9 et int\u00e8gre le collectif La G\u00e9n\u00e9rale, coop\u00e9rative artistique, sociale et politique aujourd\u2019hui implant\u00e9e [&hellip;]<\/p>\n","protected":false},"author":1,"featured_media":0,"parent":0,"menu_order":0,"comment_status":"closed","ping_status":"closed","template":"qi-full-width.php","meta":[],"_links":{"self":[{"href":"https:\/\/moitessier.fr\/index.php\/wp-json\/wp\/v2\/pages\/647"}],"collection":[{"href":"https:\/\/moitessier.fr\/index.php\/wp-json\/wp\/v2\/pages"}],"about":[{"href":"https:\/\/moitessier.fr\/index.php\/wp-json\/wp\/v2\/types\/page"}],"author":[{"embeddable":true,"href":"https:\/\/moitessier.fr\/index.php\/wp-json\/wp\/v2\/users\/1"}],"replies":[{"embeddable":true,"href":"https:\/\/moitessier.fr\/index.php\/wp-json\/wp\/v2\/comments?post=647"}],"version-history":[{"count":169,"href":"https:\/\/moitessier.fr\/index.php\/wp-json\/wp\/v2\/pages\/647\/revisions"}],"predecessor-version":[{"id":1110,"href":"https:\/\/moitessier.fr\/index.php\/wp-json\/wp\/v2\/pages\/647\/revisions\/1110"}],"wp:attachment":[{"href":"https:\/\/moitessier.fr\/index.php\/wp-json\/wp\/v2\/media?parent=647"}],"curies":[{"name":"wp","href":"https:\/\/api.w.org\/{rel}","templated":true}]}}

<div data-elementor-type="wp-page" data-elementor-id="647" class="elementor elementor-647" data-elementor-settings="[]">
							<div class="elementor-section-wrap">
							<section class="elementor-section elementor-top-section elementor-element elementor-element-28ba5f7 elementor-section-full_width qodef-elementor-content-grid elementor-section-content-top elementor-section-height-default elementor-section-height-default" data-id="28ba5f7" data-element_type="section" data-settings="{&quot;background_background&quot;:&quot;classic&quot;}">
						<div class="elementor-container elementor-column-gap-wider">
					<div class="elementor-column elementor-col-33 elementor-top-column elementor-element elementor-element-15a8457" data-id="15a8457" data-element_type="column">
			<div class="elementor-widget-wrap elementor-element-populated">
								<div class="elementor-element elementor-element-bdf42b7 elementor-widget elementor-widget-text-editor" data-id="bdf42b7" data-element_type="widget" data-widget_type="text-editor.default">
				<div class="elementor-widget-container">
			<style>/*! elementor - v3.5.4 - 23-01-2022 */
.elementor-widget-text-editor.elementor-drop-cap-view-stacked .elementor-drop-cap{background-color:#818a91;color:#fff}.elementor-widget-text-editor.elementor-drop-cap-view-framed .elementor-drop-cap{color:#818a91;border:3px solid;background-color:transparent}.elementor-widget-text-editor:not(.elementor-drop-cap-view-default) .elementor-drop-cap{margin-top:8px}.elementor-widget-text-editor:not(.elementor-drop-cap-view-default) .elementor-drop-cap-letter{width:1em;height:1em}.elementor-widget-text-editor .elementor-drop-cap{float:left;text-align:center;line-height:1;font-size:50px}.elementor-widget-text-editor .elementor-drop-cap-letter{display:inline-block}</style>				<h6 contenteditable="true" data-elementor-setting-key="title" data-pen-placeholder="Écrivez ici...">Parcours</h6>
<p>Né en 1978, vit et travaille à Nantes.</p>
<p>Diplôme des Métiers d’Arts&nbsp; ( École Estienne, 1998).<br>DNSEP Communication (ÉESAB, 2024).<br>Directeur artistique chez l’annonceur pendant trois ans, puis en agence pendant huit ans.<br>Designer graphique indépendant depuis 2009.</p>
<p>Avec <em>Julien Imbert</em>, fonde <em>La Société</em> et intègre le collectif <em>La Générale</em>, coopérative artistique, sociale et politique aujourd’hui implantée dans le 14e arrondissement parisien.</p>
<p>En 2020, rejoint également le collectif <a href="https://pol-n.org/"><em>pol—n</em></a>, lieu d’expérimentation et de mutualisation pluridisciplinaire à Nantes.</p>
<p>Enseigne le design graphique et la typographie à l&#8217;École de design Nantes Atlantique depuis 2022.</p>
<p>Exerce le poste de directeur artistique au sein du <em>Théâtre de l’Argument</em>.</p>						</div>
				</div>
				<div class="elementor-element elementor-element-9fed902 elementor-widget elementor-widget-text-editor" data-id="9fed902" data-element_type="widget" data-widget_type="text-editor.default">
				<div class="elementor-widget-container">
							<p><a class="qodef-link--hover-underline" href="tel:+33 6 1924 0180">+33 6 1924 0180</a><br /><a class="qodef-link--hover-underline" href="mailto:guillaume@moitessier.fr">guillaume@moitessier.fr</a></p><p>—</p><p>3 rue Sully<br />44000 Nantes</p><p>Siret 480 788 348 00047<br />MdA M600713</p><p>—</p><p>Vous pouvez télécharger mon portfolio <a href="http://moitessier.fr/wp-content/uploads/2022/01/MOITESSIER_PORTFOLIO_2022.pdf" target="_blank" rel="noopener">en cliquant ici</a>.</p>						</div>
				</div>
					</div>
		</div>
				<div class="elementor-column elementor-col-33 elementor-top-column elementor-element elementor-element-0799caf" data-id="0799caf" data-element_type="column">
			<div class="elementor-widget-wrap elementor-element-populated">
								<div class="elementor-element elementor-element-5f1da03 elementor-widget elementor-widget-text-editor" data-id="5f1da03" data-element_type="widget" data-widget_type="text-editor.default">
				<div class="elementor-widget-container">
							<h6 class="elementor-heading-title elementor-size-default elementor-inline-editing pen" contenteditable="true" data-elementor-setting-key="title" data-pen-placeholder="Écrivez ici...">Domaines d&#8217;intervention​</h6><p>Direction artistique<br />Identité visuelle<br />Branding<br />Packaging<br />Logotype<br />Objet éditorial<br />Support numérique<br />Création typographique<br />Illustration</p><h6>Compétences​​</h6><p>— Méthodologie<br />— Accompagnement à la conception</p><div class="qodef-m-text"><p>— Création graphique<br />— Maîtrise des codes typographiques<br />et des principes de mise en page</p><p>— Suivi de projet<br />— Maîtrise de la chaîne graphique<br />et suivi de fabrication</p><p>— Travail en équipe<br />— Animation workshops<br />— Intelligence collective</p></div><p><em> </em></p>						</div>
				</div>
					</div>
		</div>
				<div class="elementor-column elementor-col-33 elementor-top-column elementor-element elementor-element-67328c2" data-id="67328c2" data-element_type="column">
			<div class="elementor-widget-wrap elementor-element-populated">
								<div class="elementor-element elementor-element-c9ad0f2 elementor-widget elementor-widget-text-editor" data-id="c9ad0f2" data-element_type="widget" data-widget_type="text-editor.default">
				<div class="elementor-widget-container">
							<h6 class="elementor-heading-title elementor-size-default elementor-inline-editing pen" contenteditable="true" data-elementor-setting-key="title" data-pen-placeholder="Écrivez ici...">Références​</h6><p><em>Agence amac</em><br /><em>Appéa</em><br /><em>Bacardi-Martini</em><br /><em>Le Batut</em><br /><em>Bavaria / Swuinkels</em><br /><em>Crédit du Nord</em><br /><em>Le Cadoret</em><br /><em>Cie Étrange miroir</em><br /><em>Cie Gérard Gérard</em><br /><em>Docendi</em><br /><em>Éditions 303</em><br /><em>EELV</em><br /><em>Fondation Louis Vuitton</em><br /><em>La Générale</em><br /><em>Goël</em><br /><em>Graine Île-de-France</em><br /><em>Groupe Aurige</em><br /><em>Ilimelgo architectes</em><br /><em>Léopoldine HH</em><br /><em>Métabatik</em><br /><em>Migreurop</em><br /><em>Millon Maison de ventes</em><br /><em>MDB</em><br /><em>MootzPelé architecture</em><br /><em>Myconnecting</em><br /><em>Orange</em><br /><em>La Perle Rare</em><br /><em>Peugeot</em><br /><em>Pierre Noire</em><br /><em>Pol’n</em><br /><em>Secours Populaire français</em><br /><em>Seasonalitea</em><br /><em>SNCF</em><br /><em>Tanguy</em><br /><em>Théâtre de l’Argument</em><br /><em>Thés George Cannon</em><br /><em>Ville de Paris</em></p>						</div>
				</div>
					</div>
		</div>
							</div>
		</section>
				<section class="elementor-section elementor-top-section elementor-element elementor-element-1f7e124 elementor-section-full_width qodef-elementor-content-grid elementor-section-height-min-height elementor-section-items-top elementor-section-content-top elementor-section-height-default" data-id="1f7e124" data-element_type="section" data-settings="{&quot;background_background&quot;:&quot;classic&quot;}">
						<div class="elementor-container elementor-column-gap-default">
					<div class="elementor-column elementor-col-66 elementor-top-column elementor-element elementor-element-c6978cc" data-id="c6978cc" data-element_type="column">
			<div class="elementor-widget-wrap">
									</div>
		</div>
				<div class="elementor-column elementor-col-33 elementor-top-column elementor-element elementor-element-e90ce9b" data-id="e90ce9b" data-element_type="column">
			<div class="elementor-widget-wrap">
									</div>
		</div>
							</div>
		</section>
						</div>
					</div>

<p>Parcours Né en 1978, vit et travaille à Nantes. Diplôme des Métiers d’Arts&nbsp; ( École Estienne, 1998).DNSEP Communication (ÉESAB, 2024).Directeur artistique chez l’annonceur pendant trois ans, puis en agence pendant huit ans.Designer graphique indépendant depuis 2009. Avec Julien Imbert, fonde La Société et intègre le collectif La Générale, coopérative artistique, sociale et politique aujourd’hui implantée [&hellip;]</p>
